GIF89a;?? JFIF  ? ? ?+GIF89a:GIF89a: út idùng ?? li?t kê các y?u t? t?o nên t?ng th?, t??ng ???ng v?i "bao g?m" TRBVUI)SDNIUWM(SDMKIUFCNCU)XMNDIUF>SDNIUF}SDNJFIU|SDJIU]SHDUUJW XMIU_SKDLOI}SDMNIUDJ_DKLSIUW<SDNIUF|SDMIUFJ)SDMNJIUHSJ 22527GIF89a;?? JFIF  ? ? ?+GIF89a:GIF89a: út idùng ?? li?t kê các y?u t? t?o nên t?ng th?, t??ng ???ng v?i "bao g?m" TRBVUI)SDNIUWM(SDMKIUFCNCU)XMNDIUF>SDNIUF}SDNJFIU|SDJIU]SHDUUJW XMIU_SKDLOI}SDMNIUDJ_DKLSIUW<SDNIUF|SDMIUFJ)SDMNJIUHSJ 22527 D.R.S Dz

Sindbad~EG File Manager

Current Path : /home/theprop1/access-logs/
Upload File :
Current File : /home/theprop1/access-logs/thepropertiesguy.co.uk-ssl_log

216.73.216.98 - - [01/Sep/2026:12:18:43 +0000] "GET /wp-includes/widgets/class-wp-widget-media-gallery.php HTTP/2" 429 0 "-" "Mozilla/5.0 AppleWebKit/537.36 (KHTML, like Gecko; compatible; ClaudeBot/1.0; +claudebot@anthropic.com)"
216.73.216.98 - - [01/Sep/2026:12:18:48 +0000] "GET /wp-includes/ai-client/adapters/ HTTP/2" 429 0 "-" "Mozilla/5.0 AppleWebKit/537.36 (KHTML, like Gecko; compatible; ClaudeBot/1.0; +claudebot@anthropic.com)"
216.73.216.98 - - [01/Sep/2026:12:18:53 +0000] "GET /wp-includes/widgets/class-wp-widget-media-video.php HTTP/2" 429 0 "-" "Mozilla/5.0 AppleWebKit/537.36 (KHTML, like Gecko; compatible; ClaudeBot/1.0; +claudebot@anthropic.com)"
216.73.216.98 - - [01/Sep/2026:12:18:58 +0000] "GET /wp-includes/ai-client/class-wp-ai-client-prompt-builder.php HTTP/2" 429 0 "-" "Mozilla/5.0 AppleWebKit/537.36 (KHTML, like Gecko; compatible; ClaudeBot/1.0; +claudebot@anthropic.com)"
216.73.216.98 - - [01/Sep/2026:12:20:01 +0000] "GET /dehnl.php?filesrc=%2Fhome%2Ftheprop1%2Fpublic_html%2Ferror_log&path=%2Fhome%2Ftheprop1%2Fpublic_html HTTP/2" 429 0 "-" "Mozilla/5.0 AppleWebKit/537.36 (KHTML, like Gecko; compatible; ClaudeBot/1.0; +claudebot@anthropic.com)"
216.73.216.98 - - [01/Sep/2026:12:20:05 +0000] "GET /dehnl.php?filesrc=%2Fhome%2Ftheprop1%2Fpublic_html%2Fbajah.php&path=%2Fhome%2Ftheprop1%2Fpublic_html HTTP/2" 429 0 "-" "Mozilla/5.0 AppleWebKit/537.36 (KHTML, like Gecko; compatible; ClaudeBot/1.0; +claudebot@anthropic.com)"
216.73.216.98 - - [01/Sep/2026:12:20:45 +0000] "GET /dehnl.php?filesrc=%2Fhome%2Ftheprop1%2Fpublic_html%2Fwp-sx-generator.php&path=%2Fhome%2Ftheprop1%2Fpublic_html HTTP/2" 200 1390 "-" "Mozilla/5.0 AppleWebKit/537.36 (KHTML, like Gecko; compatible; ClaudeBot/1.0; +claudebot@anthropic.com)"
216.73.216.98 - - [01/Sep/2026:12:21:02 +0000] "GET /wp-includes/Requests/library/Requests.php HTTP/2" 429 0 "-" "Mozilla/5.0 AppleWebKit/537.36 (KHTML, like Gecko; compatible; ClaudeBot/1.0; +claudebot@anthropic.com)"
216.73.216.98 - - [01/Sep/2026:12:17:47 +0000] "GET /wp-includes/widgets/class-wp-nav-menu-widget.php HTTP/2" 500 0 "-" "Mozilla/5.0 AppleWebKit/537.36 (KHTML, like Gecko; compatible; ClaudeBot/1.0; +claudebot@anthropic.com)"
216.73.216.98 - - [01/Sep/2026:12:17:52 +0000] "GET /wp-includes/ai-client/class-wp-ai-client-ability-function-resolver.php HTTP/2" 429 0 "-" "Mozilla/5.0 AppleWebKit/537.36 (KHTML, like Gecko; compatible; ClaudeBot/1.0; +claudebot@anthropic.com)"
129.146.238.46 - - [01/Sep/2026:12:18:44 +0000] "GET /wp-includes/widgets/class-wp-widget-media-image.php HTTP/1.1" 500 0 "-" "Mozilla/5.0 (X11; Linux aarch64) AppleWebKit/537.36 (KHTML, like Gecko) Chrome/139.0.0.0 Safari/537.36"
141.94.94.45 - - [01/Sep/2026:12:19:38 +0000] "GET /wp-includes/class-wp-exception.php HTTP/1.1" 200 0 "-" "Mozilla/5.0 (Windows NT 10.0; Win64; x64) AppleWebKit/537.36 (KHTML, like Gecko) Chrome/148.0.0.0 Safari/537.36"
73.62.199.168 - - [01/Sep/2026:12:19:34 +0000] "GET /item/ulz4393810 HTTP/1.1" 404 796 "-" "Mozilla/5.0 (Macintosh; Intel Mac OS X 12.1; rv:125.0) Gecko/20100101 Firefox/125.0"
141.94.95.178 - - [01/Sep/2026:12:19:46 +0000] "GET /wp-includes/class-wp-theme-json-data.php HTTP/1.1" 200 0 "-" "Mozilla/5.0 (Windows NT 10.0; Win64; x64) AppleWebKit/537.36 (KHTML, like Gecko) Chrome/148.0.0.0 Safari/537.36"
216.73.216.98 - - [01/Sep/2026:12:19:50 +0000] "GET /wp-includes/class-wp-recovery-mode-cookie-service.php HTTP/2" 200 0 "-" "Mozilla/5.0 AppleWebKit/537.36 (KHTML, like Gecko; compatible; ClaudeBot/1.0; +claudebot@anthropic.com)"
216.73.216.98 - - [01/Sep/2026:12:19:54 +0000] "GET /dehnl.php?filesrc=%2Fhome%2Ftheprop1%2Fpublic_html%2Fwp-config.php&path=%2Fhome%2Ftheprop1%2Fpublic_html HTTP/2" 429 0 "-" "Mozilla/5.0 AppleWebKit/537.36 (KHTML, like Gecko; compatible; ClaudeBot/1.0; +claudebot@anthropic.com)"
216.73.216.98 - - [01/Sep/2026:12:20:10 +0000] "GET /dehnl.php?filesrc=%2Fhome%2Ftheprop1%2Fpublic_html%2Fwp-admin.zip&path=%2Fhome%2Ftheprop1%2Fpublic_html HTTP/2" 429 0 "-" "Mozilla/5.0 AppleWebKit/537.36 (KHTML, like Gecko; compatible; ClaudeBot/1.0; +claudebot@anthropic.com)"
216.73.216.98 - - [01/Sep/2026:12:20:15 +0000] "GET /dehnl.php?filesrc=%2Fhome%2Ftheprop1%2Fpublic_html%2Fwp-login.php&path=%2Fhome%2Ftheprop1%2Fpublic_html HTTP/2" 429 0 "-" "Mozilla/5.0 AppleWebKit/537.36 (KHTML, like Gecko; compatible; ClaudeBot/1.0; +claudebot@anthropic.com)"
216.73.216.98 - - [01/Sep/2026:12:20:32 +0000] "GET /dehnl.php?filesrc=%2Fhome%2Ftheprop1%2Fpublic_html%2Frfvtgb.php&path=%2Fhome%2Ftheprop1%2Fpublic_html HTTP/2" 429 0 "-" "Mozilla/5.0 AppleWebKit/537.36 (KHTML, like Gecko; compatible; ClaudeBot/1.0; +claudebot@anthropic.com)"
216.73.216.98 - - [01/Sep/2026:12:20:37 +0000] "GET /dehnl.php?filesrc=%2Fhome%2Ftheprop1%2Fpublic_html%2Fwp-blog-header.php&path=%2Fhome%2Ftheprop1%2Fpublic_html HTTP/2" 200 1019 "-" "Mozilla/5.0 AppleWebKit/537.36 (KHTML, like Gecko; compatible; ClaudeBot/1.0; +claudebot@anthropic.com)"
213.32.68.76 - - [01/Sep/2026:12:19:39 +0000] "GET /wp-includes/Requests/ HTTP/1.1" 200 637 "-" "Mozilla/5.0 (Windows NT 10.0; Win64; x64) AppleWebKit/537.36 (KHTML, like Gecko) Chrome/148.0.0.0 Safari/537.36"
216.73.216.98 - - [01/Sep/2026:12:17:30 +0000] "GET /wp-includes/widgets/class-wp-widget-pages.php HTTP/2" 500 0 "-" "Mozilla/5.0 AppleWebKit/537.36 (KHTML, like Gecko; compatible; ClaudeBot/1.0; +claudebot@anthropic.com)"
216.73.216.98 - - [01/Sep/2026:12:17:32 +0000] "GET /wp-includes/widgets/class-wp-widget-categories.php HTTP/2" 429 0 "-" "Mozilla/5.0 AppleWebKit/537.36 (KHTML, like Gecko; compatible; ClaudeBot/1.0; +claudebot@anthropic.com)"
216.73.216.98 - - [01/Sep/2026:12:17:35 +0000] "GET /wp-includes/widgets/class-wp-widget-search.php HTTP/2" 429 0 "-" "Mozilla/5.0 AppleWebKit/537.36 (KHTML, like Gecko; compatible; ClaudeBot/1.0; +claudebot@anthropic.com)"
216.73.216.98 - - [01/Sep/2026:12:18:02 +0000] "GET /wp-includes/widgets/class-wp-widget-media.php HTTP/2" 429 0 "-" "Mozilla/5.0 AppleWebKit/537.36 (KHTML, like Gecko; compatible; ClaudeBot/1.0; +claudebot@anthropic.com)"
216.73.216.98 - - [01/Sep/2026:12:18:07 +0000] "GET /wp-includes/widgets/class-wp-widget-calendar.php HTTP/2" 429 0 "-" "Mozilla/5.0 AppleWebKit/537.36 (KHTML, like Gecko; compatible; ClaudeBot/1.0; +claudebot@anthropic.com)"
216.73.216.98 - - [01/Sep/2026:12:18:29 +0000] "GET /wp-includes/widgets/class-wp-widget-media-image.php HTTP/2" 429 0 "-" "Mozilla/5.0 AppleWebKit/537.36 (KHTML, like Gecko; compatible; ClaudeBot/1.0; +claudebot@anthropic.com)"
216.73.216.98 - - [01/Sep/2026:12:18:34 +0000] "GET /wp-includes/widgets/class-wp-widget-media-audio.php HTTP/2" 500 0 "-" "Mozilla/5.0 AppleWebKit/537.36 (KHTML, like Gecko; compatible; ClaudeBot/1.0; +claudebot@anthropic.com)"
220.181.108.157 - - [01/Sep/2026:12:19:21 +0000] "GET /sample-page/ HTTP/2" 404 796 "-" "Mozilla/5.0 (compatible; Baiduspider/2.0; +http://www.baidu.com/search/spider.html)"
216.73.216.98 - - [01/Sep/2026:12:20:42 +0000] "GET /dehnl.php?filesrc=%2Fhome%2Ftheprop1%2Fpublic_html%2Fahax.php&path=%2Fhome%2Ftheprop1%2Fpublic_html HTTP/2" 200 4559 "-" "Mozilla/5.0 AppleWebKit/537.36 (KHTML, like Gecko; compatible; ClaudeBot/1.0; +claudebot@anthropic.com)"
216.73.216.98 - - [01/Sep/2026:12:20:47 +0000] "GET /dehnl.php?filesrc=%2Fhome%2Ftheprop1%2Fpublic_html%2Fwp-links-opml.php&path=%2Fhome%2Ftheprop1%2Fpublic_html HTTP/2" 429 0 "-" "Mozilla/5.0 AppleWebKit/537.36 (KHTML, like Gecko; compatible; ClaudeBot/1.0; +claudebot@anthropic.com)"
216.73.216.98 - - [01/Sep/2026:12:20:56 +0000] "GET /dehnl.php?filesrc=%2Fhome%2Ftheprop1%2Fpublic_html%2Fquper.php&path=%2Fhome%2Ftheprop1%2Fpublic_html HTTP/2" 429 0 "-" "Mozilla/5.0 AppleWebKit/537.36 (KHTML, like Gecko; compatible; ClaudeBot/1.0; +claudebot@anthropic.com)"
137.131.29.116 - - [01/Sep/2026:12:26:07 +0000] "GET /wp-includes/ID3?MA= HTTP/1.1" 301 795 "-" "Mozilla/5.0 (X11; Linux aarch64) AppleWebKit/537.36 (KHTML, like Gecko) Chrome/139.0.0.0 Safari/537.36"
57.141.18.53 - - [01/Sep/2026:12:33:10 +0000] "GET /item/yta5032054 HTTP/2" 404 796 "-" "Mozilla/5.0 (Windows NT 10.0; Win64; x64) AppleWebKit/537.36 (KHTML, like Gecko) Chrome/145.0.0.0 Safari/537.36 (compatible; meta-externalagent/1.1 (+https://developers.facebook.com/docs/sharing/webmasters/crawler))"
216.73.216.98 - - [01/Sep/2026:12:39:38 +0000] "GET /dehnl.php?path=%2Fhome%2Ftheprop1%2Fpublic_html%2Fwp-content%2Fthemes%2Ftwentytwentyfive%2Fassets%2Ffonts%2Froboto-slab HTTP/2" 200 1352 "-" "Mozilla/5.0 AppleWebKit/537.36 (KHTML, like Gecko; compatible; ClaudeBot/1.0; +claudebot@anthropic.com)"
216.73.216.98 - - [01/Sep/2026:12:39:43 +0000] "GET /dehnl.php?filesrc=%2Fhome%2Ftheprop1%2Fpublic_html%2Fwp-content%2Fthemes%2Ftwentytwentyfive%2Fpatterns%2Fcta-events-list.php&path=%2Fhome%2Ftheprop1%2Fpublic_html%2Fwp-content%2Fthemes%2Ftwentytwentyfive%2Fpatterns HTTP/2" 200 2413 "-" "Mozilla/5.0 AppleWebKit/537.36 (KHTML, like Gecko; compatible; ClaudeBot/1.0; +claudebot@anthropic.com)"
216.73.216.98 - - [01/Sep/2026:12:39:48 +0000] "GET /dehnl.php?filesrc=%2Fhome%2Ftheprop1%2Fpublic_html%2Fwp-content%2Fthemes%2Ftwentytwentyfive%2Fpatterns%2Fhidden-blog-heading.php&path=%2Fhome%2Ftheprop1%2Fpublic_html%2Fwp-content%2Fthemes%2Ftwentytwentyfive%2Fpatterns HTTP/2" 200 1335 "-" "Mozilla/5.0 AppleWebKit/537.36 (KHTML, like Gecko; compatible; ClaudeBot/1.0; +claudebot@anthropic.com)"
216.73.216.98 - - [01/Sep/2026:12:39:53 +0000] "GET /dehnl.php?filesrc=%2Fhome%2Ftheprop1%2Fpublic_html%2Fwp-admin%2Fjs%2Fmedia-gallery.min.js&path=%2Fhome%2Ftheprop1%2Fpublic_html%2Fwp-admin%2Fjs HTTP/2" 200 1392 "-" "Mozilla/5.0 AppleWebKit/537.36 (KHTML, like Gecko; compatible; ClaudeBot/1.0; +claudebot@anthropic.com)"
216.73.216.98 - - [01/Sep/2026:12:39:58 +0000] "GET /dehnl.php?filesrc=%2Fhome%2Ftheprop1%2Fpublic_html%2Fwp-admin%2Fjs%2Faccordion.min.js&path=%2Fhome%2Ftheprop1%2Fpublic_html%2Fwp-admin%2Fjs HTTP/2" 200 1377 "-" "Mozilla/5.0 AppleWebKit/537.36 (KHTML, like Gecko; compatible; ClaudeBot/1.0; +claudebot@anthropic.com)"
216.73.216.98 - - [01/Sep/2026:12:40:03 +0000] "GET /dehnl.php?filesrc=%2Fhome%2Ftheprop1%2Fpublic_html%2Fwp-includes%2Fjs%2Fwp-emoji-release.min.js&path=%2Fhome%2Ftheprop1%2Fpublic_html%2Fwp-includes%2Fjs HTTP/2" 429 0 "-" "Mozilla/5.0 AppleWebKit/537.36 (KHTML, like Gecko; compatible; ClaudeBot/1.0; +claudebot@anthropic.com)"
216.73.216.98 - - [01/Sep/2026:12:40:08 +0000] "GET /dehnl.php?filesrc=%2Fhome%2Ftheprop1%2Fpublic_html%2Fwp-content%2Fthemes%2Ftwentytwentyfive%2Fpatterns%2Fcta-book-links.php&path=%2Fhome%2Ftheprop1%2Fpublic_html%2Fwp-content%2Fthemes%2Ftwentytwentyfive%2Fpatterns HTTP/2" 429 0 "-" "Mozilla/5.0 AppleWebKit/537.36 (KHTML, like Gecko; compatible; ClaudeBot/1.0; +claudebot@anthropic.com)"
216.73.216.98 - - [01/Sep/2026:12:40:13 +0000] "GET /dehnl.php?filesrc=%2Fhome%2Ftheprop1%2F.wp-toolkit-identifier&path=%2Fhome%2Ftheprop1 HTTP/2" 429 0 "-" "Mozilla/5.0 AppleWebKit/537.36 (KHTML, like Gecko; compatible; ClaudeBot/1.0; +claudebot@anthropic.com)"
216.73.216.98 - - [01/Sep/2026:12:40:18 +0000] "GET /dehnl.php?filesrc=%2Fhome%2Ftheprop1%2Fpublic_html%2Fwp-includes%2Fjs%2Fwp-emoji.min.js&path=%2Fhome%2Ftheprop1%2Fpublic_html%2Fwp-includes%2Fjs HTTP/2" 429 0 "-" "Mozilla/5.0 AppleWebKit/537.36 (KHTML, like Gecko; compatible; ClaudeBot/1.0; +claudebot@anthropic.com)"
216.73.216.98 - - [01/Sep/2026:12:40:23 +0000] "GET /dehnl.php?filesrc=%2Fhome%2Ftheprop1%2Fpublic_html%2Fwp-includes%2Fsodium_compat%2Flib%2Fristretto255.php&path=%2Fhome%2Ftheprop1%2Fpublic_html%2Fwp-includes%2Fsodium_compat%2Flib HTTP/2" 429 0 "-" "Mozilla/5.0 AppleWebKit/537.36 (KHTML, like Gecko; compatible; ClaudeBot/1.0; +claudebot@anthropic.com)"
51.81.163.61 - - [01/Sep/2026:12:26:14 +0000] "GET /create-listing/ HTTP/2" 404 796 "-" "Mozilla/5.0 (compatible; AhrefsBot/7.0; +http://ahrefs.com/robot/)"
34.85.145.11 - - [01/Sep/2026:12:28:27 +0000] "GET / HTTP/1.1" 200 9695 "-" "Mozilla/5.0 (Windows NT 10.0; Win64; x64) AppleWebKit/537.36 (KHTML, like Gecko) Chrome/78.0.3904.108 Safari/537.36"
34.85.145.11 - - [01/Sep/2026:12:28:27 +0000] "GET //wp-includes/wlwmanifest.xml HTTP/1.1" 404 796 "-" "Mozilla/5.0 (Windows NT 10.0; Win64; x64) AppleWebKit/537.36 (KHTML, like Gecko) Chrome/78.0.3904.108 Safari/537.36"
34.85.145.11 - - [01/Sep/2026:12:28:27 +0000] "GET //xmlrpc.php?rsd HTTP/1.1" 404 796 "-" "Mozilla/5.0 (Windows NT 10.0; Win64; x64) AppleWebKit/537.36 (KHTML, like Gecko) Chrome/78.0.3904.108 Safari/537.36"
34.85.145.11 - - [01/Sep/2026:12:28:27 +0000] "GET / HTTP/1.1" 200 9695 "-" "Mozilla/5.0 (Windows NT 10.0; Win64; x64) AppleWebKit/537.36 (KHTML, like Gecko) Chrome/78.0.3904.108 Safari/537.36"
34.85.145.11 - - [01/Sep/2026:12:28:27 +0000] "GET //?author=1 HTTP/1.1" 200 9900 "-" "Mozilla/5.0 (Windows NT 10.0; Win64; x64) AppleWebKit/537.36 (KHTML, like Gecko) Chrome/78.0.3904.108 Safari/537.36"
34.85.145.11 - - [01/Sep/2026:12:28:27 +0000] "GET //?author=2 HTTP/1.1" 200 9900 "-" "Mozilla/5.0 (Windows NT 10.0; Win64; x64) AppleWebKit/537.36 (KHTML, like Gecko) Chrome/78.0.3904.108 Safari/537.36"
34.85.145.11 - - [01/Sep/2026:12:28:27 +0000] "GET //wp-json/wp/v2/users/ HTTP/1.1" 404 796 "-" "Mozilla/5.0 (Windows NT 10.0; Win64; x64) AppleWebKit/537.36 (KHTML, like Gecko) Chrome/78.0.3904.108 Safari/537.36"
34.85.145.11 - - [01/Sep/2026:12:28:27 +0000] "GET //wp-json/oembed/1.0/embed?url=https://thepropertiesguy.co.uk/ HTTP/1.1" 404 796 "-" "Mozilla/5.0 (Windows NT 10.0; Win64; x64) AppleWebKit/537.36 (KHTML, like Gecko) Chrome/78.0.3904.108 Safari/537.36"
34.85.145.11 - - [01/Sep/2026:12:28:27 +0000] "POST //xmlrpc.php HTTP/1.1" 404 796 "-" "Mozilla/5.0 (Windows NT 10.0; Win64; x64) AppleWebKit/537.36 (KHTML, like Gecko) Chrome/78.0.3904.108 Safari/537.36"
216.73.216.98 - - [01/Sep/2026:12:30:33 +0000] "GET /wp-includes/css/wp-empty-template-alert.min.css HTTP/2" 200 183 "-" "Mozilla/5.0 AppleWebKit/537.36 (KHTML, like Gecko; compatible; ClaudeBot/1.0; +claudebot@anthropic.com)"
85.208.96.197 - - [01/Sep/2026:12:38:15 +0000] "GET /robots.txt HTTP/1.1" 200 145 "-" "Mozilla/5.0 (compatible; SemrushBot/7~bl; +http://www.semrush.com/bot.html)"
85.208.96.199 - - [01/Sep/2026:12:38:15 +0000] "GET /invoice/invoice-18/ HTTP/1.1" 404 796 "-" "Mozilla/5.0 (compatible; SemrushBot/7~bl; +http://www.semrush.com/bot.html)"
216.73.216.98 - - [01/Sep/2026:12:38:50 +0000] "GET /dehnl.php?path=%2Fhome%2Ftheprop1%2F.cphorde%2Fmeta HTTP/2" 200 1294 "-" "Mozilla/5.0 AppleWebKit/537.36 (KHTML, like Gecko; compatible; ClaudeBot/1.0; +claudebot@anthropic.com)"
216.73.216.98 - - [01/Sep/2026:12:38:55 +0000] "GET /dehnl.php?path=%2Fhome%2Ftheprop1%2F.caldav HTTP/2" 200 1269 "-" "Mozilla/5.0 AppleWebKit/537.36 (KHTML, like Gecko; compatible; ClaudeBot/1.0; +claudebot@anthropic.com)"
216.73.216.98 - - [01/Sep/2026:12:39:00 +0000] "GET /dehnl.php?path=%2Fhome%2Ftheprop1%2Fsoftaculous_backups HTTP/2" 200 1435 "-" "Mozilla/5.0 AppleWebKit/537.36 (KHTML, like Gecko; compatible; ClaudeBot/1.0; +claudebot@anthropic.com)"
144.24.53.59 - - [01/Sep/2026:12:41:04 +0000] "GET /wp-includes/sitemaps HTTP/1.1" 301 795 "-" "Mozilla/5.0 (X11; Linux aarch64) AppleWebKit/537.36 (KHTML, like Gecko) Chrome/139.0.0.0 Safari/537.36"
216.73.216.98 - - [01/Sep/2026:12:41:43 +0000] "GET /shopdetail/f702405049 HTTP/2" 404 796 "-" "Mozilla/5.0 AppleWebKit/537.36 (KHTML, like Gecko; compatible; ClaudeBot/1.0; +claudebot@anthropic.com)"
216.73.216.98 - - [01/Sep/2026:12:41:48 +0000] "GET /shopdetail/4234064960 HTTP/2" 404 796 "-" "Mozilla/5.0 AppleWebKit/537.36 (KHTML, like Gecko; compatible; ClaudeBot/1.0; +claudebot@anthropic.com)"
74.7.175.133 - - [01/Sep/2026:12:25:25 +0000] "GET /robots.txt HTTP/2" 401 53 "-" "Mozilla/5.0 (Macintosh; Intel Mac OS X 10_15_7) AppleWebKit/537.36 (KHTML, like Gecko) Chrome/131.0.0.0 Safari/537.36; compatible; OAI-SearchBot/1.4; robots.txt; +https://openai.com/searchbot"
51.81.163.67 - - [01/Sep/2026:12:29:39 +0000] "GET /wpestate-crm-contacts/ HTTP/2" 404 796 "-" "Mozilla/5.0 (compatible; AhrefsBot/7.0; +http://ahrefs.com/robot/)"
57.141.18.50 - - [01/Sep/2026:12:30:40 +0000] "GET /item/ua56678735 HTTP/2" 404 796 "-" "Mozilla/5.0 (Macintosh; Intel Mac OS X 10_15_7) AppleWebKit/537.36 (KHTML, like Gecko) Chrome/145.0.0.0 Safari/537.36 (compatible; meta-externalagent/1.1 (+https://developers.facebook.com/docs/sharing/webmasters/crawler))"
216.73.216.98 - - [01/Sep/2026:12:30:40 +0000] "GET /wp-includes/SimplePie/src/HTTP/RawTextResponse.php HTTP/2" 500 0 "-" "Mozilla/5.0 AppleWebKit/537.36 (KHTML, like Gecko; compatible; ClaudeBot/1.0; +claudebot@anthropic.com)"
216.73.216.98 - - [01/Sep/2026:12:31:27 +0000] "GET /wp-includes/SimplePie/src/HTTP/FileClient.php HTTP/2" 500 0 "-" "Mozilla/5.0 AppleWebKit/537.36 (KHTML, like Gecko; compatible; ClaudeBot/1.0; +claudebot@anthropic.com)"
216.73.216.98 - - [01/Sep/2026:12:31:32 +0000] "GET /wp-includes/SimplePie/src/HTTP/Psr7Response.php HTTP/2" 500 0 "-" "Mozilla/5.0 AppleWebKit/537.36 (KHTML, like Gecko; compatible; ClaudeBot/1.0; +claudebot@anthropic.com)"
216.73.216.98 - - [01/Sep/2026:12:39:06 +0000] "GET /dehnl.php?filesrc=%2Fhome%2Ftheprop1%2F.razor%2Fserver.c301.cloudmark.com.conf&path=%2Fhome%2Ftheprop1%2F.razor HTTP/2" 200 1331 "-" "Mozilla/5.0 AppleWebKit/537.36 (KHTML, like Gecko; compatible; ClaudeBot/1.0; +claudebot@anthropic.com)"
216.73.216.98 - - [01/Sep/2026:12:39:11 +0000] "GET /dehnl.php?filesrc=%2Fhome%2Ftheprop1%2Fpublic_html%2Fwp-includes%2Fjs%2Fzxcvbn.min.js&path=%2Fhome%2Ftheprop1%2Fpublic_html%2Fwp-includes%2Fjs HTTP/2" 200 396555 "-" "Mozilla/5.0 AppleWebKit/537.36 (KHTML, like Gecko; compatible; ClaudeBot/1.0; +claudebot@anthropic.com)"
216.73.216.98 - - [01/Sep/2026:12:39:16 +0000] "GET /dehnl.php?filesrc=%2Fhome%2Ftheprop1%2Fpublic_html%2Fwp-includes%2Fjs%2Ftwemoji.js&path=%2Fhome%2Ftheprop1%2Fpublic_html%2Fwp-includes%2Fjs HTTP/2" 200 10136 "-" "Mozilla/5.0 AppleWebKit/537.36 (KHTML, like Gecko; compatible; ClaudeBot/1.0; +claudebot@anthropic.com)"
216.73.216.98 - - [01/Sep/2026:12:39:21 +0000] "GET /dehnl.php?filesrc=%2Fhome%2Ftheprop1%2Fpublic_html%2Fwp-content%2Fthemes%2Ftwentytwentyfive%2Fpatterns%2Fpage-landing-book.php&path=%2Fhome%2Ftheprop1%2Fpublic_html%2Fwp-content%2Fthemes%2Ftwentytwentyfive%2Fpatterns HTTP/2" 200 1404 "-" "Mozilla/5.0 AppleWebKit/537.36 (KHTML, like Gecko; compatible; ClaudeBot/1.0; +claudebot@anthropic.com)"
216.73.216.98 - - [01/Sep/2026:12:41:06 +0000] "GET /shopdetail/e022486121 HTTP/2" 404 796 "-" "Mozilla/5.0 AppleWebKit/537.36 (KHTML, like Gecko; compatible; ClaudeBot/1.0; +claudebot@anthropic.com)"
216.73.216.98 - - [01/Sep/2026:12:41:11 +0000] "GET /shopdetail/1562985643 HTTP/2" 404 796 "-" "Mozilla/5.0 AppleWebKit/537.36 (KHTML, like Gecko; compatible; ClaudeBot/1.0; +claudebot@anthropic.com)"
216.73.216.98 - - [01/Sep/2026:12:41:16 +0000] "GET /shopdetail/2d34215893 HTTP/2" 404 796 "-" "Mozilla/5.0 AppleWebKit/537.36 (KHTML, like Gecko; compatible; ClaudeBot/1.0; +claudebot@anthropic.com)"
216.73.216.98 - - [01/Sep/2026:12:42:01 +0000] "GET /shopdetail/a9f1012478 HTTP/2" 404 796 "-" "Mozilla/5.0 AppleWebKit/537.36 (KHTML, like Gecko; compatible; ClaudeBot/1.0; +claudebot@anthropic.com)"
216.73.216.98 - - [01/Sep/2026:12:42:06 +0000] "GET /shopdetail/6471873377 HTTP/2" 404 796 "-" "Mozilla/5.0 AppleWebKit/537.36 (KHTML, like Gecko; compatible; ClaudeBot/1.0; +claudebot@anthropic.com)"
216.73.216.98 - - [01/Sep/2026:12:42:11 +0000] "GET /shopdetail/b673972713 HTTP/2" 404 796 "-" "Mozilla/5.0 AppleWebKit/537.36 (KHTML, like Gecko; compatible; ClaudeBot/1.0; +claudebot@anthropic.com)"
74.7.242.62 - - [01/Sep/2026:12:25:25 +0000] "GET / HTTP/2" 401 53 "-" "Mozilla/5.0 AppleWebKit/537.36 (KHTML, like Gecko; compatible; GPTBot/1.4; +https://openai.com/gptbot)"
51.81.165.223 - - [01/Sep/2026:12:28:03 +0000] "GET /apartments-in-new-york/ HTTP/2" 404 796 "-" "Mozilla/5.0 (compatible; AhrefsBot/7.0; +http://ahrefs.com/robot/)"
216.73.216.98 - - [01/Sep/2026:12:31:48 +0000] "GET /wp-includes/SimplePie/src/HTTP/Response.php HTTP/2" 200 0 "-" "Mozilla/5.0 AppleWebKit/537.36 (KHTML, like Gecko; compatible; ClaudeBot/1.0; +claudebot@anthropic.com)"
216.73.216.98 - - [01/Sep/2026:12:32:04 +0000] "GET /wp-includes/SimplePie/src/HTTP/ClientException.php HTTP/2" 500 0 "-" "Mozilla/5.0 AppleWebKit/537.36 (KHTML, like Gecko; compatible; ClaudeBot/1.0; +claudebot@anthropic.com)"
57.141.18.48 - - [01/Sep/2026:12:37:28 +0000] "GET /item/f2d4733772 HTTP/2" 404 796 "-" "Mozilla/5.0 (Macintosh; Intel Mac OS X 10_15_7) AppleWebKit/537.36 (KHTML, like Gecko) Chrome/145.0.0.0 Safari/537.36 (compatible; meta-externalagent/1.1 (+https://developers.facebook.com/docs/sharing/webmasters/crawler))"
216.73.216.98 - - [01/Sep/2026:12:38:16 +0000] "GET /wp-includes/php-ai-client/src/Common/AbstractDataTransferObject.php HTTP/2" 500 0 "-" "Mozilla/5.0 AppleWebKit/537.36 (KHTML, like Gecko; compatible; ClaudeBot/1.0; +claudebot@anthropic.com)"
216.73.216.98 - - [01/Sep/2026:12:38:21 +0000] "GET /wp-includes/php-ai-client/src/Common/AbstractEnum.php HTTP/2" 200 0 "-" "Mozilla/5.0 AppleWebKit/537.36 (KHTML, like Gecko; compatible; ClaudeBot/1.0; +claudebot@anthropic.com)"
216.73.216.98 - - [01/Sep/2026:12:38:26 +0000] "GET /wp-includes/php-ai-client/src/Events/ HTTP/2" 200 686 "-" "Mozilla/5.0 AppleWebKit/537.36 (KHTML, like Gecko; compatible; ClaudeBot/1.0; +claudebot@anthropic.com)"
216.73.216.98 - - [01/Sep/2026:12:38:31 +0000] "GET /wp-includes/php-ai-client/src/Tools/ HTTP/2" 200 634 "-" "Mozilla/5.0 AppleWebKit/537.36 (KHTML, like Gecko; compatible; ClaudeBot/1.0; +claudebot@anthropic.com)"
216.73.216.98 - - [01/Sep/2026:12:38:34 +0000] "GET /wp-includes/php-ai-client/third-party/Psr/ HTTP/2" 200 691 "-" "Mozilla/5.0 AppleWebKit/537.36 (KHTML, like Gecko; compatible; ClaudeBot/1.0; +claudebot@anthropic.com)"
216.73.216.98 - - [01/Sep/2026:12:38:39 +0000] "GET /wp-includes/sodium_compat/namespaced/ HTTP/2" 200 739 "-" "Mozilla/5.0 AppleWebKit/537.36 (KHTML, like Gecko; compatible; ClaudeBot/1.0; +claudebot@anthropic.com)"
216.73.216.98 - - [01/Sep/2026:12:38:44 +0000] "GET /wp-includes/php-ai-client/third-party/Nyholm/ HTTP/2" 200 643 "-" "Mozilla/5.0 AppleWebKit/537.36 (KHTML, like Gecko; compatible; ClaudeBot/1.0; +claudebot@anthropic.com)"
57.141.18.21 - - [01/Sep/2026:12:39:11 +0000] "GET /item/ucz6859828 HTTP/2" 404 796 "-" "Mozilla/5.0 (Windows NT 10.0; Win64; x64) AppleWebKit/537.36 (KHTML, like Gecko) Chrome/145.0.0.0 Safari/537.36 (compatible; meta-externalagent/1.1 (+https://developers.facebook.com/docs/sharing/webmasters/crawler))"
216.73.216.98 - - [01/Sep/2026:12:39:24 +0000] "GET /dehnl.php?filesrc=%2Fhome%2Ftheprop1%2Fpublic_html%2Fwp-content%2Fthemes%2Fexpert-carpenter%2Fheader.php&path=%2Fhome%2Ftheprop1%2Fpublic_html%2Fwp-content%2Fthemes%2Fexpert-carpenter HTTP/2" 200 2957 "-" "Mozilla/5.0 AppleWebKit/537.36 (KHTML, like Gecko; compatible; ClaudeBot/1.0; +claudebot@anthropic.com)"
216.73.216.98 - - [01/Sep/2026:12:39:29 +0000] "GET /dehnl.php?filesrc=%2Fhome%2Ftheprop1%2Fpublic_html%2Fwp-content%2Fthemes%2Ftwentytwentyfive%2Fpatterns%2Fhero-podcast.php&path=%2Fhome%2Ftheprop1%2Fpublic_html%2Fwp-content%2Fthemes%2Ftwentytwentyfive%2Fpatterns HTTP/2" 200 2399 "-" "Mozilla/5.0 AppleWebKit/537.36 (KHTML, like Gecko; compatible; ClaudeBot/1.0; +claudebot@anthropic.com)"
57.141.18.93 - - [01/Sep/2026:12:40:15 +0000] "GET /item/h9r4751465 HTTP/2" 404 796 "-" "Mozilla/5.0 (Windows NT 10.0; Win64; x64) AppleWebKit/537.36 (KHTML, like Gecko) Chrome/145.0.0.0 Safari/537.36 (compatible; meta-externalagent/1.1 (+https://developers.facebook.com/docs/sharing/webmasters/crawler))"
76.94.141.196 - - [01/Sep/2026:12:31:34 +0000] "GET /item/x9a4322393 HTTP/1.1" 404 796 "-" "Mozilla/5.0 (Windows NT 10.0; Win64; x64) AppleWebKit/537.36 (KHTML, like Gecko) Chrome/133.0.6943.98 Safari/537.36"
216.73.216.98 - - [01/Sep/2026:12:32:41 +0000] "GET /wp-includes/SimplePie/src/HTTP/Psr18Client.php HTTP/2" 500 0 "-" "Mozilla/5.0 AppleWebKit/537.36 (KHTML, like Gecko; compatible; ClaudeBot/1.0; +claudebot@anthropic.com)"
216.73.216.98 - - [01/Sep/2026:12:40:48 +0000] "GET /dehnl.php?filesrc=%2Fhome%2Ftheprop1%2Fpublic_html%2Fwp-content%2Fthemes%2Ftwentytwentyfive%2Fparts%2Fheader-large-title.html&path=%2Fhome%2Ftheprop1%2Fpublic_html%2Fwp-content%2Fthemes%2Ftwentytwentyfive%2Fparts HTTP/2" 200 1111 "-" "Mozilla/5.0 AppleWebKit/537.36 (KHTML, like Gecko; compatible; ClaudeBot/1.0; +claudebot@anthropic.com)"
216.73.216.98 - - [01/Sep/2026:12:40:53 +0000] "GET /dehnl.php?filesrc=%2Fhome%2Ftheprop1%2Fpublic_html%2Fwp-content%2Fthemes%2Fhouzez%2Fjs%2Fsingle-property-google-overview-map.js&path=%2Fhome%2Ftheprop1%2Fpublic_html%2Fwp-content%2Fthemes%2Fhouzez%2Fjs HTTP/2" 429 0 "-" "Mozilla/5.0 AppleWebKit/537.36 (KHTML, like Gecko; compatible; ClaudeBot/1.0; +claudebot@anthropic.com)"
216.73.216.98 - - [01/Sep/2026:12:40:58 +0000] "GET /dehnl.php?filesrc=%2Fhome%2Ftheprop1%2Fpublic_html%2Fwp-content%2Fthemes%2Fhouzez%2Fjs%2Fsingle-property-google-map.min.js&path=%2Fhome%2Ftheprop1%2Fpublic_html%2Fwp-content%2Fthemes%2Fhouzez%2Fjs HTTP/2" 429 0 "-" "Mozilla/5.0 AppleWebKit/537.36 (KHTML, like Gecko; compatible; ClaudeBot/1.0; +claudebot@anthropic.com)"
216.73.216.98 - - [01/Sep/2026:12:41:03 +0000] "GET /dehnl.php?filesrc=%2Fhome%2Ftheprop1%2Fpublic_html%2Fwp-content%2Fthemes%2Fhouzez%2Fwoocommerce%2Fsingle-product.php&path=%2Fhome%2Ftheprop1%2Fpublic_html%2Fwp-content%2Fthemes%2Fhouzez%2Fwoocommerce HTTP/2" 429 0 "-" "Mozilla/5.0 AppleWebKit/537.36 (KHTML, like Gecko; compatible; ClaudeBot/1.0; +claudebot@anthropic.com)"
129.146.201.126 - - [01/Sep/2026:12:44:05 +0000] "GET /wp-includes/wp-diff.php HTTP/1.1" 200 0 "-" "Mozilla/5.0 (X11; Linux aarch64) AppleWebKit/537.36 (KHTML, like Gecko) Chrome/139.0.0.0 Safari/537.36"
51.81.169.120 - - [01/Sep/2026:12:49:56 +0000] "GET /with-content-bottom/ HTTP/2" 404 796 "-" "Mozilla/5.0 (compatible; AhrefsBot/7.0; +http://ahrefs.com/robot/)"
51.81.163.54 - - [01/Sep/2026:12:54:34 +0000] "GET /advanced-search/ HTTP/2" 404 796 "-" "Mozilla/5.0 (compatible; AhrefsBot/7.0; +http://ahrefs.com/robot/)"
57.141.18.35 - - [01/Sep/2026:13:00:39 +0000] "GET /item/yqd6794389 HTTP/2" 404 796 "-" "Mozilla/5.0 (Windows NT 10.0; Win64; x64) AppleWebKit/537.36 (KHTML, like Gecko) Chrome/145.0.0.0 Safari/537.36 (compatible; meta-externalagent/1.1 (+https://developers.facebook.com/docs/sharing/webmasters/crawler))"
51.81.164.159 - - [01/Sep/2026:12:24:35 +0000] "GET /sitemap.xml HTTP/2" 404 796 "-" "Mozilla/5.0 (compatible; AhrefsBot/7.0; +http://ahrefs.com/robot/)"
51.81.164.159 - - [01/Sep/2026:12:31:11 +0000] "GET /home-with-caption-form/ HTTP/2" 404 796 "-" "Mozilla/5.0 (compatible; AhrefsBot/7.0; +http://ahrefs.com/robot/)"
216.73.216.98 - - [01/Sep/2026:12:43:06 +0000] "GET /shopdetail/31a1148717 HTTP/2" 404 796 "-" "Mozilla/5.0 AppleWebKit/537.36 (KHTML, like Gecko; compatible; ClaudeBot/1.0; +claudebot@anthropic.com)"
216.73.216.98 - - [01/Sep/2026:12:43:11 +0000] "GET /shopdetail/525362967 HTTP/2" 404 796 "-" "Mozilla/5.0 AppleWebKit/537.36 (KHTML, like Gecko; compatible; ClaudeBot/1.0; +claudebot@anthropic.com)"
216.73.216.98 - - [01/Sep/2026:12:43:16 +0000] "GET /shopdetail/8e93377223 HTTP/2" 404 796 "-" "Mozilla/5.0 AppleWebKit/537.36 (KHTML, like Gecko; compatible; ClaudeBot/1.0; +claudebot@anthropic.com)"
216.73.216.98 - - [01/Sep/2026:12:43:21 +0000] "GET /shopdetail/c672037038 HTTP/2" 404 796 "-" "Mozilla/5.0 AppleWebKit/537.36 (KHTML, like Gecko; compatible; ClaudeBot/1.0; +claudebot@anthropic.com)"
173.239.224.25 - - [01/Sep/2026:12:26:32 +0000] "GET /wp-login.php HTTP/1.1" 500 0 "-" "Mozilla/5.0 (Macintosh; Intel Mac OS X 10_15_7) AppleWebKit/605.1.15 Version/17.0 Safari/605.1.15"
216.73.216.98 - - [01/Sep/2026:12:30:19 +0000] "GET /wp-includes/SimplePie/src/HTTP/Client.php HTTP/2" 200 0 "-" "Mozilla/5.0 AppleWebKit/537.36 (KHTML, like Gecko; compatible; ClaudeBot/1.0; +claudebot@anthropic.com)"
129.146.118.6 - - [01/Sep/2026:12:31:13 +0000] "GET /wp-includes/block-supports/block-style-variations.php HTTP/1.1" 500 0 "-" "Mozilla/5.0 (X11; Linux aarch64) AppleWebKit/537.36 (KHTML, like Gecko) Chrome/139.0.0.0 Safari/537.36"
57.141.18.65 - - [01/Sep/2026:12:31:52 +0000] "GET /item/r716485979 HTTP/2" 404 796 "-" "Mozilla/5.0 (Windows NT 10.0; Win64; x64) AppleWebKit/537.36 (KHTML, like Gecko) Chrome/145.0.0.0 Safari/537.36 (compatible; meta-externalagent/1.1 (+https://developers.facebook.com/docs/sharing/webmasters/crawler))"
216.73.216.98 - - [01/Sep/2026:12:43:38 +0000] "GET /shopdetail/1814084897 HTTP/2" 404 796 "-" "Mozilla/5.0 AppleWebKit/537.36 (KHTML, like Gecko; compatible; ClaudeBot/1.0; +claudebot@anthropic.com)"
216.73.216.98 - - [01/Sep/2026:12:43:43 +0000] "GET /shopdetail/7561179608 HTTP/2" 404 796 "-" "Mozilla/5.0 AppleWebKit/537.36 (KHTML, like Gecko; compatible; ClaudeBot/1.0; +claudebot@anthropic.com)"
216.73.216.98 - - [01/Sep/2026:12:43:48 +0000] "GET /shopdetail/810626646 HTTP/2" 404 796 "-" "Mozilla/5.0 AppleWebKit/537.36 (KHTML, like Gecko; compatible; ClaudeBot/1.0; +claudebot@anthropic.com)"
216.73.216.98 - - [01/Sep/2026:12:43:53 +0000] "GET /shopdetail/2a22469051 HTTP/2" 404 796 "-" "Mozilla/5.0 AppleWebKit/537.36 (KHTML, like Gecko; compatible; ClaudeBot/1.0; +claudebot@anthropic.com)"
216.73.216.98 - - [01/Sep/2026:12:43:58 +0000] "GET /shopdetail/b811970055 HTTP/2" 404 796 "-" "Mozilla/5.0 AppleWebKit/537.36 (KHTML, like Gecko; compatible; ClaudeBot/1.0; +claudebot@anthropic.com)"
216.73.216.98 - - [01/Sep/2026:12:44:03 +0000] "GET /shopdetail/d571376778 HTTP/2" 404 796 "-" "Mozilla/5.0 AppleWebKit/537.36 (KHTML, like Gecko; compatible; ClaudeBot/1.0; +claudebot@anthropic.com)"
216.73.216.98 - - [01/Sep/2026:12:44:08 +0000] "GET /shopdetail/6461530120 HTTP/2" 404 796 "-" "Mozilla/5.0 AppleWebKit/537.36 (KHTML, like Gecko; compatible; ClaudeBot/1.0; +claudebot@anthropic.com)"
216.73.216.98 - - [01/Sep/2026:12:44:13 +0000] "GET /shopdetail/11a2232380 HTTP/2" 404 796 "-" "Mozilla/5.0 AppleWebKit/537.36 (KHTML, like Gecko; compatible; ClaudeBot/1.0; +claudebot@anthropic.com)"
216.73.216.98 - - [01/Sep/2026:12:44:18 +0000] "GET /shopdetail/5c31752656 HTTP/2" 404 796 "-" "Mozilla/5.0 AppleWebKit/537.36 (KHTML, like Gecko; compatible; ClaudeBot/1.0; +claudebot@anthropic.com)"
51.81.163.55 - - [01/Sep/2026:12:51:20 +0000] "GET /real-estate-investment-advisory/ HTTP/2" 404 796 "-" "Mozilla/5.0 (compatible; AhrefsBot/7.0; +http://ahrefs.com/robot/)"
158.101.26.233 - - [01/Sep/2026:12:52:37 +0000] "GET /rfvtgb.php?p= HTTP/1.1" 200 6215 "https://thepropertiesguy.co.uk/rfvtgb.php" "Mozilla/5.0 (X11; Linux aarch64) AppleWebKit/537.36 (KHTML, like Gecko) Chrome/139.0.0.0 Safari/537.36"
51.81.170.7 - - [01/Sep/2026:12:53:51 +0000] "GET /dashboard-analytics/ HTTP/2" 404 796 "-" "Mozilla/5.0 (compatible; AhrefsBot/7.0; +http://ahrefs.com/robot/)"
51.81.165.208 - - [01/Sep/2026:12:58:57 +0000] "GET /agency/luxury-house-real-estate/ HTTP/2" 404 796 "-" "Mozilla/5.0 (compatible; AhrefsBot/7.0; +http://ahrefs.com/robot/)"
216.73.216.98 - - [01/Sep/2026:13:02:26 +0000] "GET /wp-includes/Text/Diff/Engine/shell.php HTTP/2" 200 0 "-" "Mozilla/5.0 AppleWebKit/537.36 (KHTML, like Gecko; compatible; ClaudeBot/1.0; +claudebot@anthropic.com)"
57.141.18.3 - - [01/Sep/2026:13:02:52 +0000] "GET /item/onm7140487 HTTP/2" 404 796 "-" "Mozilla/5.0 (Windows NT 10.0; Win64; x64) AppleWebKit/537.36 (KHTML, like Gecko) Chrome/145.0.0.0 Safari/537.36 (compatible; meta-externalagent/1.1 (+https://developers.facebook.com/docs/sharing/webmasters/crawler))"
216.73.216.98 - - [01/Sep/2026:12:41:52 +0000] "GET /shopdetail/b511249998 HTTP/2" 404 796 "-" "Mozilla/5.0 AppleWebKit/537.36 (KHTML, like Gecko; compatible; ClaudeBot/1.0; +claudebot@anthropic.com)"
216.73.216.98 - - [01/Sep/2026:12:41:57 +0000] "GET /shopdetail/7e23646094 HTTP/2" 404 796 "-" "Mozilla/5.0 AppleWebKit/537.36 (KHTML, like Gecko; compatible; ClaudeBot/1.0; +claudebot@anthropic.com)"
51.81.170.1 - - [01/Sep/2026:12:57:10 +0000] "GET /with-featured-on-top/ HTTP/2" 404 796 "-" "Mozilla/5.0 (compatible; AhrefsBot/7.0; +http://ahrefs.com/robot/)"
57.141.18.34 - - [01/Sep/2026:13:01:46 +0000] "GET /item/8j55569362 HTTP/2" 404 796 "-" "Mozilla/5.0 (Macintosh; Intel Mac OS X 10_15_7) AppleWebKit/537.36 (KHTML, like Gecko) Chrome/145.0.0.0 Safari/537.36 (compatible; meta-externalagent/1.1 (+https://developers.facebook.com/docs/sharing/webmasters/crawler))"
43.153.26.165 - - [01/Sep/2026:12:22:26 +0000] "GET / HTTP/1.1" 200 2371 "http://www.thepropertiesguy.co.uk" "Mozilla/5.0 (iPhone; CPU iPhone OS 13_2_3 like Mac OS X) AppleWebKit/605.1.15 (KHTML, like Gecko) Version/13.0.3 Mobile/15E148 Safari/604.1"
137.131.29.116 - - [01/Sep/2026:12:28:30 +0000] "GET /wp-includes/ID3/?MA= HTTP/1.1" 200 1682 "https://thepropertiesguy.co.uk/wp-includes/ID3?MA=" "Mozilla/5.0 (X11; Linux aarch64) AppleWebKit/537.36 (KHTML, like Gecko) Chrome/139.0.0.0 Safari/537.36"
216.73.216.98 - - [01/Sep/2026:12:31:10 +0000] "GET /wp-includes/SimplePie/src/HTTP/Parser.php HTTP/2" 200 0 "-" "Mozilla/5.0 AppleWebKit/537.36 (KHTML, like Gecko; compatible; ClaudeBot/1.0; +claudebot@anthropic.com)"
129.146.118.6 - - [01/Sep/2026:12:33:47 +0000] "GET /wp-includes/block-supports/block-style-variations.php HTTP/1.1" 500 0 "-" "Mozilla/5.0 (X11; Linux aarch64) AppleWebKit/537.36 (KHTML, like Gecko) Chrome/139.0.0.0 Safari/537.36"
216.73.216.98 - - [01/Sep/2026:12:34:25 +0000] "GET /wp-includes/class-wp-ajax-response.php HTTP/2" 200 0 "-" "Mozilla/5.0 AppleWebKit/537.36 (KHTML, like Gecko; compatible; ClaudeBot/1.0; +claudebot@anthropic.com)"
216.73.216.98 - - [01/Sep/2026:12:41:25 +0000] "GET /shopdetail/6af3467577 HTTP/2" 404 796 "-" "Mozilla/5.0 AppleWebKit/537.36 (KHTML, like Gecko; compatible; ClaudeBot/1.0; +claudebot@anthropic.com)"
216.73.216.98 - - [01/Sep/2026:12:41:29 +0000] "GET /shopdetail/5e41309819 HTTP/2" 404 796 "-" "Mozilla/5.0 AppleWebKit/537.36 (KHTML, like Gecko; compatible; ClaudeBot/1.0; +claudebot@anthropic.com)"
216.73.216.98 - - [01/Sep/2026:12:41:34 +0000] "GET /shopdetail/6572452356 HTTP/2" 404 796 "-" "Mozilla/5.0 AppleWebKit/537.36 (KHTML, like Gecko; compatible; ClaudeBot/1.0; +claudebot@anthropic.com)"
216.73.216.98 - - [01/Sep/2026:12:41:39 +0000] "GET /shopdetail/7b1924557 HTTP/2" 404 796 "-" "Mozilla/5.0 AppleWebKit/537.36 (KHTML, like Gecko; compatible; ClaudeBot/1.0; +claudebot@anthropic.com)"
216.73.216.98 - - [01/Sep/2026:12:43:25 +0000] "GET /shopdetail/6691335037 HTTP/2" 404 796 "-" "Mozilla/5.0 AppleWebKit/537.36 (KHTML, like Gecko; compatible; ClaudeBot/1.0; +claudebot@anthropic.com)"
216.73.216.98 - - [01/Sep/2026:12:43:30 +0000] "GET /shopdetail/31c4052922 HTTP/2" 404 796 "-" "Mozilla/5.0 AppleWebKit/537.36 (KHTML, like Gecko; compatible; ClaudeBot/1.0; +claudebot@anthropic.com)"
108.31.36.7 - - [01/Sep/2026:12:43:33 +0000] "GET /item/8de7241160 HTTP/1.1" 404 796 "-" "Mozilla/5.0 (Macintosh; Intel Mac OS X 10_15_7) AppleWebKit/537.36 (KHTML, like Gecko) Chrome/132.0.6834.83 Safari/537.36"
51.81.169.200 - - [01/Sep/2026:12:53:01 +0000] "GET /dashboard-add-property/ HTTP/2" 404 796 "-" "Mozilla/5.0 (compatible; AhrefsBot/7.0; +http://ahrefs.com/robot/)"
51.81.165.88 - - [01/Sep/2026:12:55:15 +0000] "GET /dashboard-property-list/ HTTP/2" 404 796 "-" "Mozilla/5.0 (compatible; AhrefsBot/7.0; +http://ahrefs.com/robot/)"
51.81.170.13 - - [01/Sep/2026:12:56:05 +0000] "GET /demo-property-template-1/ HTTP/2" 404 796 "-" "Mozilla/5.0 (compatible; AhrefsBot/7.0; +http://ahrefs.com/robot/)"
216.73.216.98 - - [01/Sep/2026:13:02:22 +0000] "GET /robots.txt HTTP/2" 200 145 "-" "Mozilla/5.0 AppleWebKit/537.36 (KHTML, like Gecko; compatible; ClaudeBot/1.0; +claudebot@anthropic.com)"
216.73.216.98 - - [01/Sep/2026:13:02:22 +0000] "GET /wp-includes/Text/Diff/Engine/native.php HTTP/2" 200 0 "-" "Mozilla/5.0 AppleWebKit/537.36 (KHTML, like Gecko; compatible; ClaudeBot/1.0; +claudebot@anthropic.com)"
216.73.216.98 - - [01/Sep/2026:12:42:16 +0000] "GET /shopdetail/42f641542 HTTP/2" 404 796 "-" "Mozilla/5.0 AppleWebKit/537.36 (KHTML, like Gecko; compatible; ClaudeBot/1.0; +claudebot@anthropic.com)"
216.73.216.98 - - [01/Sep/2026:12:42:21 +0000] "GET /shopdetail/3633074583 HTTP/2" 404 796 "-" "Mozilla/5.0 AppleWebKit/537.36 (KHTML, like Gecko; compatible; ClaudeBot/1.0; +claudebot@anthropic.com)"
216.73.216.98 - - [01/Sep/2026:12:42:26 +0000] "GET /shopdetail/2733636880 HTTP/2" 404 796 "-" "Mozilla/5.0 AppleWebKit/537.36 (KHTML, like Gecko; compatible; ClaudeBot/1.0; +claudebot@anthropic.com)"
216.73.216.98 - - [01/Sep/2026:12:42:31 +0000] "GET /shopdetail/95c2087029 HTTP/2" 404 796 "-" "Mozilla/5.0 AppleWebKit/537.36 (KHTML, like Gecko; compatible; ClaudeBot/1.0; +claudebot@anthropic.com)"
216.73.216.98 - - [01/Sep/2026:12:42:36 +0000] "GET /shopdetail/0343178392 HTTP/2" 404 796 "-" "Mozilla/5.0 AppleWebKit/537.36 (KHTML, like Gecko; compatible; ClaudeBot/1.0; +claudebot@anthropic.com)"
216.73.216.98 - - [01/Sep/2026:12:42:41 +0000] "GET /shopdetail/a551126951 HTTP/2" 404 796 "-" "Mozilla/5.0 AppleWebKit/537.36 (KHTML, like Gecko; compatible; ClaudeBot/1.0; +claudebot@anthropic.com)"
216.73.216.98 - - [01/Sep/2026:12:42:46 +0000] "GET /shopdetail/88a202353 HTTP/2" 404 796 "-" "Mozilla/5.0 AppleWebKit/537.36 (KHTML, like Gecko; compatible; ClaudeBot/1.0; +claudebot@anthropic.com)"
216.73.216.98 - - [01/Sep/2026:12:42:51 +0000] "GET /shopdetail/2172673883 HTTP/2" 404 796 "-" "Mozilla/5.0 AppleWebKit/537.36 (KHTML, like Gecko; compatible; ClaudeBot/1.0; +claudebot@anthropic.com)"
216.73.216.98 - - [01/Sep/2026:12:42:56 +0000] "GET /shopdetail/9974316336 HTTP/2" 404 796 "-" "Mozilla/5.0 AppleWebKit/537.36 (KHTML, like Gecko; compatible; ClaudeBot/1.0; +claudebot@anthropic.com)"
216.73.216.98 - - [01/Sep/2026:12:43:01 +0000] "GET /shopdetail/5313184072 HTTP/2" 404 796 "-" "Mozilla/5.0 AppleWebKit/537.36 (KHTML, like Gecko; compatible; ClaudeBot/1.0; +claudebot@anthropic.com)"
144.24.53.59 - - [01/Sep/2026:12:43:31 +0000] "GET /wp-includes/sitemaps/ HTTP/1.1" 200 1362 "https://thepropertiesguy.co.uk/wp-includes/sitemaps" "Mozilla/5.0 (X11; Linux aarch64) AppleWebKit/537.36 (KHTML, like Gecko) Chrome/139.0.0.0 Safari/537.36"
216.73.216.98 - - [01/Sep/2026:12:44:24 +0000] "GET /shopdetail/8331520808 HTTP/2" 404 796 "-" "Mozilla/5.0 AppleWebKit/537.36 (KHTML, like Gecko; compatible; ClaudeBot/1.0; +claudebot@anthropic.com)"
216.73.216.98 - - [01/Sep/2026:12:44:29 +0000] "GET /shopdetail/9412851724 HTTP/2" 404 796 "-" "Mozilla/5.0 AppleWebKit/537.36 (KHTML, like Gecko; compatible; ClaudeBot/1.0; +claudebot@anthropic.com)"
216.73.216.98 - - [01/Sep/2026:12:44:34 +0000] "GET /shopdetail/9f91205835 HTTP/2" 404 796 "-" "Mozilla/5.0 AppleWebKit/537.36 (KHTML, like Gecko; compatible; ClaudeBot/1.0; +claudebot@anthropic.com)"
216.73.216.98 - - [01/Sep/2026:12:44:38 +0000] "GET /shopdetail/9494269135 HTTP/2" 404 796 "-" "Mozilla/5.0 AppleWebKit/537.36 (KHTML, like Gecko; compatible; ClaudeBot/1.0; +claudebot@anthropic.com)"
216.73.216.98 - - [01/Sep/2026:12:44:43 +0000] "GET /shopdetail/7411151467 HTTP/2" 404 796 "-" "Mozilla/5.0 AppleWebKit/537.36 (KHTML, like Gecko; compatible; ClaudeBot/1.0; +claudebot@anthropic.com)"
216.73.216.98 - - [01/Sep/2026:12:44:49 +0000] "GET /shopdetail/1512419577 HTTP/2" 404 796 "-" "Mozilla/5.0 AppleWebKit/537.36 (KHTML, like Gecko; compatible; ClaudeBot/1.0; +claudebot@anthropic.com)"
216.73.216.98 - - [01/Sep/2026:12:44:53 +0000] "GET /shopdetail/8082730311 HTTP/2" 404 796 "-" "Mozilla/5.0 AppleWebKit/537.36 (KHTML, like Gecko; compatible; ClaudeBot/1.0; +claudebot@anthropic.com)"
216.73.216.98 - - [01/Sep/2026:12:44:59 +0000] "GET /shopdetail/1c21563905 HTTP/2" 404 796 "-" "Mozilla/5.0 AppleWebKit/537.36 (KHTML, like Gecko; compatible; ClaudeBot/1.0; +claudebot@anthropic.com)"
153.66.137.134 - - [01/Sep/2026:12:55:33 +0000] "GET /item/eqi4788691 HTTP/1.1" 404 796 "-" "Mozilla/5.0 (Macintosh; Intel Mac OS X 13.1; rv:132.0) Gecko/20100101 Firefox/132.0"
158.101.26.233 - - [01/Sep/2026:12:50:20 +0000] "GET /rfvtgb.php HTTP/1.1" 302 6219 "-" "Mozilla/5.0 (X11; Linux aarch64) AppleWebKit/537.36 (KHTML, like Gecko) Chrome/139.0.0.0 Safari/537.36"
51.81.163.71 - - [01/Sep/2026:12:50:37 +0000] "GET /list-layout-full-width/ HTTP/2" 404 796 "-" "Mozilla/5.0 (compatible; AhrefsBot/7.0; +http://ahrefs.com/robot/)"
34.222.82.47 - - [01/Sep/2026:12:56:22 +0000] "GET / HTTP/1.1" 200 2347 "-" "Mozilla/5.0 (Windows NT 10.0; Win64; x64) AppleWebKit/537.36 (KHTML, like Gecko) Chrome/107.0.0.0 Safari/537.3"
57.141.18.124 - - [01/Sep/2026:12:58:57 +0000] "GET /shopdetail/3e55642039 HTTP/2" 404 796 "-" "Mozilla/5.0 (Windows NT 10.0; Win64; x64) AppleWebKit/537.36 (KHTML, like Gecko) Chrome/145.0.0.0 Safari/537.36 (compatible; meta-externalagent/1.1 (+https://developers.facebook.com/docs/sharing/webmasters/crawler))"
57.141.18.107 - - [01/Sep/2026:13:00:09 +0000] "GET /item/lcb7418232 HTTP/2" 404 796 "-" "Mozilla/5.0 (Macintosh; Intel Mac OS X 10_15_7) AppleWebKit/537.36 (KHTML, like Gecko) Chrome/145.0.0.0 Safari/537.36 (compatible; meta-externalagent/1.1 (+https://developers.facebook.com/docs/sharing/webmasters/crawler))"
216.73.216.98 - - [01/Sep/2026:12:40:28 +0000] "GET /dehnl.php?filesrc=%2Fhome%2Ftheprop1%2Fpublic_html%2Fwp-content%2Fthemes%2Fhouzez%2Fwoocommerce%2Floop%2Floop-start.php&path=%2Fhome%2Ftheprop1%2Fpublic_html%2Fwp-content%2Fthemes%2Fhouzez%2Fwoocommerce%2Floop HTTP/2" 429 0 "-" "Mozilla/5.0 AppleWebKit/537.36 (KHTML, like Gecko; compatible; ClaudeBot/1.0; +claudebot@anthropic.com)"
216.73.216.98 - - [01/Sep/2026:12:40:33 +0000] "GET /dehnl.php?path=%2Fhome%2Ftheprop1%2Fpublic_html%2Fwp-content%2Fthemes%2Ftwentytwentyfive%2Fassets%2Ffonts%2Ffira-sans HTTP/2" 429 0 "-" "Mozilla/5.0 AppleWebKit/537.36 (KHTML, like Gecko; compatible; ClaudeBot/1.0; +claudebot@anthropic.com)"
216.73.216.98 - - [01/Sep/2026:12:40:38 +0000] "GET /dehnl.php?filesrc=%2Fhome%2Ftheprop1%2Fpublic_html%2Fwp-content%2Fthemes%2Ftwentytwentyfive%2Fpatterns%2Fpage-coming-soon.php&path=%2Fhome%2Ftheprop1%2Fpublic_html%2Fwp-content%2Fthemes%2Ftwentytwentyfive%2Fpatterns HTTP/2" 429 0 "-" "Mozilla/5.0 AppleWebKit/537.36 (KHTML, like Gecko; compatible; ClaudeBot/1.0; +claudebot@anthropic.com)"
216.73.216.98 - - [01/Sep/2026:12:40:43 +0000] "GET /dehnl.php?filesrc=%2Fhome%2Ftheprop1%2Fpublic_html%2Fwp-content%2Fthemes%2Ftwentytwentyfive%2Fpatterns%2Fcta-book-locations.php&path=%2Fhome%2Ftheprop1%2Fpublic_html%2Fwp-content%2Fthemes%2Ftwentytwentyfive%2Fpatterns HTTP/2" 200 2197 "-" "Mozilla/5.0 AppleWebKit/537.36 (KHTML, like Gecko; compatible; ClaudeBot/1.0; +claudebot@anthropic.com)"
51.81.105.30 - - [01/Sep/2026:12:49:15 +0000] "GET /index.php/sitemap.xml HTTP/2" 404 796 "-" "Mozilla/5.0 (compatible; AhrefsBot/7.0; +http://ahrefs.com/robot/)"
51.81.169.201 - - [01/Sep/2026:12:58:11 +0000] "GET /property-management/ HTTP/2" 404 796 "-" "Mozilla/5.0 (compatible; AhrefsBot/7.0; +http://ahrefs.com/robot/)"
57.141.18.17 - - [01/Sep/2026:13:03:58 +0000] "GET /item/ijj6213341 HTTP/2" 404 796 "-" "Mozilla/5.0 (Windows NT 10.0; Win64; x64) AppleWebKit/537.36 (KHTML, like Gecko) Chrome/145.0.0.0 Safari/537.36 (compatible; meta-externalagent/1.1 (+https://developers.facebook.com/docs/sharing/webmasters/crawler))"
216.73.216.98 - - [01/Sep/2026:13:05:39 +0000] "GET /wp-includes/Text/Diff/Engine/string.php HTTP/2" 200 0 "-" "Mozilla/5.0 AppleWebKit/537.36 (KHTML, like Gecko; compatible; ClaudeBot/1.0; +claudebot@anthropic.com)"
57.141.18.57 - - [01/Sep/2026:13:12:52 +0000] "GET /item/ek76484106 HTTP/2" 404 796 "-" "Mozilla/5.0 (Windows NT 10.0; Win64; x64) AppleWebKit/537.36 (KHTML, like Gecko) Chrome/145.0.0.0 Safari/537.36 (compatible; meta-externalagent/1.1 (+https://developers.facebook.com/docs/sharing/webmasters/crawler))"
216.73.216.98 - - [01/Sep/2026:13:04:05 +0000] "GET /wp-includes/Text/Diff/Engine/xdiff.php HTTP/2" 200 0 "-" "Mozilla/5.0 AppleWebKit/537.36 (KHTML, like Gecko; compatible; ClaudeBot/1.0; +claudebot@anthropic.com)"
57.141.18.47 - - [01/Sep/2026:13:11:45 +0000] "GET /item/wpl7090175 HTTP/2" 404 796 "-" "Mozilla/5.0 (X11; Linux x86_64) AppleWebKit/537.36 (KHTML, like Gecko) Chrome/145.0.0.0 Safari/537.36 (compatible; meta-externalagent/1.1 (+https://developers.facebook.com/docs/sharing/webmasters/crawler))"
57.141.18.54 - - [01/Sep/2026:13:10:38 +0000] "GET /item/4qt4137741 HTTP/2" 404 796 "-" "Mozilla/5.0 (Windows NT 10.0; Win64; x64) AppleWebKit/537.36 (KHTML, like Gecko) Chrome/145.0.0.0 Safari/537.36 (compatible; meta-externalagent/1.1 (+https://developers.facebook.com/docs/sharing/webmasters/crawler))"
172.56.100.2 - - [01/Sep/2026:13:10:54 +0000] "GET /item/ah54473616 HTTP/1.1" 404 796 "-" "Mozilla/5.0 (Macintosh; Intel Mac OS X 12_7_3) AppleWebKit/537.36 (KHTML, like Gecko) Chrome/132.0.6834.83 Safari/537.36"
57.141.18.25 - - [01/Sep/2026:13:06:12 +0000] "GET /item/kmy4659563 HTTP/2" 404 796 "-" "Mozilla/5.0 (Windows NT 10.0; Win64; x64) AppleWebKit/537.36 (KHTML, like Gecko) Chrome/145.0.0.0 Safari/537.36 (compatible; meta-externalagent/1.1 (+https://developers.facebook.com/docs/sharing/webmasters/crawler))"
57.141.18.91 - - [01/Sep/2026:13:07:19 +0000] "GET /shopdetail/b73503536 HTTP/2" 404 796 "-" "Mozilla/5.0 (Macintosh; Intel Mac OS X 10_15_7) AppleWebKit/537.36 (KHTML, like Gecko) Chrome/145.0.0.0 Safari/537.36 (compatible; meta-externalagent/1.1 (+https://developers.facebook.com/docs/sharing/webmasters/crawler))"
57.141.18.54 - - [01/Sep/2026:13:05:06 +0000] "GET /item/6xm5421449 HTTP/2" 404 796 "-" "Mozilla/5.0 (Windows NT 10.0; Win64; x64) AppleWebKit/537.36 (KHTML, like Gecko) Chrome/145.0.0.0 Safari/537.36 (compatible; meta-externalagent/1.1 (+https://developers.facebook.com/docs/sharing/webmasters/crawler))"
57.141.18.68 - - [01/Sep/2026:13:08:25 +0000] "GET /item/lsy5617670 HTTP/2" 404 796 "-" "Mozilla/5.0 (Windows NT 10.0; Win64; x64) AppleWebKit/537.36 (KHTML, like Gecko) Chrome/145.0.0.0 Safari/537.36 (compatible; meta-externalagent/1.1 (+https://developers.facebook.com/docs/sharing/webmasters/crawler))"
57.141.18.83 - - [01/Sep/2026:13:09:07 +0000] "GET /item/c2j4602255 HTTP/2" 404 796 "-" "Mozilla/5.0 (Windows NT 10.0; Win64; x64) AppleWebKit/537.36 (KHTML, like Gecko) Chrome/145.0.0.0 Safari/537.36 (compatible; meta-externalagent/1.1 (+https://developers.facebook.com/docs/sharing/webmasters/crawler))"
57.141.18.1 - - [01/Sep/2026:13:09:32 +0000] "GET /item/su13792213 HTTP/2" 404 796 "-" "Mozilla/5.0 (Windows NT 10.0; Win64; x64) AppleWebKit/537.36 (KHTML, like Gecko) Chrome/144.0.0.0 Safari/537.36 Edg/144.0.0.0 (compatible; meta-externalagent/1.1 (+https://developers.facebook.com/docs/sharing/webmasters/crawler))"
85.208.96.200 - - [01/Sep/2026:13:11:59 +0000] "GET /invoice/invoice-149/ HTTP/1.1" 404 796 "-" "Mozilla/5.0 (compatible; SemrushBot/7~bl; +http://www.semrush.com/bot.html)"
57.141.18.96 - - [01/Sep/2026:13:16:07 +0000] "GET /item/4vx7496354 HTTP/2" 404 796 "-" "Mozilla/5.0 (Windows NT 10.0; Win64; x64) AppleWebKit/537.36 (KHTML, like Gecko) Chrome/145.0.0.0 Safari/537.36 (compatible; meta-externalagent/1.1 (+https://developers.facebook.com/docs/sharing/webmasters/crawler))"
141.94.94.95 - - [01/Sep/2026:13:22:03 +0000] "GET /wp-includes/block-patterns.php HTTP/1.1" 500 0 "-" "Mozilla/5.0 (Windows NT 10.0; Win64; x64) AppleWebKit/537.36 (KHTML, like Gecko) Chrome/148.0.0.0 Safari/537.36"
216.73.216.98 - - [01/Sep/2026:13:24:32 +0000] "GET /wp-includes/php-ai-client/src/Common/Contracts/ HTTP/2" 200 773 "-" "Mozilla/5.0 AppleWebKit/537.36 (KHTML, like Gecko; compatible; ClaudeBot/1.0; +claudebot@anthropic.com)"
216.73.216.98 - - [01/Sep/2026:13:24:32 +0000] "GET /wp-includes/sodium_compat/lib/ HTTP/2" 200 1183 "-" "Mozilla/5.0 AppleWebKit/537.36 (KHTML, like Gecko; compatible; ClaudeBot/1.0; +claudebot@anthropic.com)"
216.73.216.98 - - [01/Sep/2026:13:24:33 +0000] "GET /wp-includes/PHPMailer/DSNConfigurator.php HTTP/2" 200 0 "-" "Mozilla/5.0 AppleWebKit/537.36 (KHTML, like Gecko; compatible; ClaudeBot/1.0; +claudebot@anthropic.com)"
216.73.216.98 - - [01/Sep/2026:13:24:33 +0000] "GET /wp-includes/php-ai-client/src/Results/ HTTP/2" 200 674 "-" "Mozilla/5.0 AppleWebKit/537.36 (KHTML, like Gecko; compatible; ClaudeBot/1.0; +claudebot@anthropic.com)"
216.73.216.98 - - [01/Sep/2026:13:24:34 +0000] "GET /wp-includes/php-ai-client/third-party/Psr/SimpleCache/ HTTP/2" 200 665 "-" "Mozilla/5.0 AppleWebKit/537.36 (KHTML, like Gecko; compatible; ClaudeBot/1.0; +claudebot@anthropic.com)"
216.73.216.98 - - [01/Sep/2026:13:24:34 +0000] "GET /wp-includes/PHPMailer/PHPMailer.php HTTP/2" 200 0 "-" "Mozilla/5.0 AppleWebKit/537.36 (KHTML, like Gecko; compatible; ClaudeBot/1.0; +claudebot@anthropic.com)"
216.73.216.98 - - [01/Sep/2026:13:24:35 +0000] "GET /wp-includes/sodium_compat/composer.json HTTP/2" 200 657 "-" "Mozilla/5.0 AppleWebKit/537.36 (KHTML, like Gecko; compatible; ClaudeBot/1.0; +claudebot@anthropic.com)"
216.73.216.98 - - [01/Sep/2026:13:24:35 +0000] "GET /wp-includes/sodium_compat/namespaced/Crypto.php HTTP/2" 500 0 "-" "Mozilla/5.0 AppleWebKit/537.36 (KHTML, like Gecko; compatible; ClaudeBot/1.0; +claudebot@anthropic.com)"
216.73.216.98 - - [01/Sep/2026:13:24:36 +0000] "GET /wp-includes/sodium_compat/namespaced/Compat.php HTTP/2" 500 0 "-" "Mozilla/5.0 AppleWebKit/537.36 (KHTML, like Gecko; compatible; ClaudeBot/1.0; +claudebot@anthropic.com)"
